4*y**3 - 5*y**2 + y - 14. Let z(m) = 3*a(m) + 4*o(m). What is the units digit of z(-7)?
5
Let w(r) = -275*r + 4286. What is the units digit of w(-60)?
6
Suppose 0 = -g - 4*y + 1229, -5*g + 965 = 4*y - 5244. Suppose 9*q + a + g = 11*q, -3*a - 3113 = -5*q. What is the hundreds digit of q?
6
Suppose -34*h + 35*h + 6344 = -3*u, -2*h - 8462 = 4*u. Let z = -1475 - u. What is the tens digit of z?
3
Let z = 71 + -83. What is the units digit of (-87)/((-13)/((-1924)/z))?
3
Let q(b) = -17*b**3 - b**2 + 2*b. Let l be q(1). Let y(k) = -30*k + 183. What is the units digit of y(l)?
3
Suppose 4*a = -3*z + 20, -3*z - 5*a = -0*a - 22. Let v(g) = 13*g - 843 - z*g + 843. What is the tens digit of v(12)?
0
What is the ten thousands digit of 28/(-2)*(-77748)/88?
1
Suppose 53*a = 61*a - 110664. What is the units digit of a?
3
Let b(c) be the third derivative of c**5/60 - 13*c**4/24 + 3*c**3 + 271*c**2. Suppose 2*w - 11 - 17 = 0. What is the tens digit of b(w)?
3
Let y(u) = -u**2 - 18*u - 77. Let f be y(-12). Suppose -40 = 2*h - h - 5*r, -2*h - 25 = r. What is the units digit of (f/h)/(3/144)?
6
Let i(x) = 41*x**2 - 13*x - 191. Let h(m) = 14*m**2 - 4*m - 64. Let k(v) = 7*h(v) - 2*i(v). What is the units digit of k(8)?
2
Let j = 377 - -43. Let c(x) = -x**2 + x + 80. Let a be c(0). Suppose 5*r - 5*v = j, v = -r - 2*v + a. What is the tens digit of r?
8
Suppose 4*k - 260 + 26 = -2*m, 2*k = 4*m - 418. Suppose 0 = -2*z + 111 + m. Let x = -51 + z. What is the units digit of x?
8
Let r(o) = 8*o - 10 + 25 - 3*o. Let b be r(-3). What is the tens digit of (b + 1 - 0/9) + 262?
6
Let h(t) = -39*t**2 - t. Let r be h(1). Let f be (-2442 - -2) + (6 - 2). What is the units digit of 2/(r/f) - (-3)/15?
2
Suppose 3*m + k - 15 = 0, 0*m - 4*m + 20 = -2*k. Suppose m*t + 225 = 20*t. What is the units digit of t?
5
Let w = -12753 - -7910. Let t = -3064 - w. What is the tens digit of t?
7
Let f(x) = 29*x - 462. Let l be f(16). Let o be 220/(-18) - 4/(-18). What is the tens digit of ((112/o)/(-7))/(l/48)?
3
What is the hundreds digit of 54/(-72) - 39295/(-20)?
9
Let q(r) = 6*r**2 + r - 4. Suppose -i = 3*i + 32. What is the tens digit of q(i)?
7
Let p be ((9/(-6))/1)/((-6)/16). Suppose p*o + 16 = 8*o. What is the units digit of (9 - (0 + o)) + 3?
8
Let b be (-4)/(-6)*-18*(-10)/4. Let g be b/8*(-8)/(-6). What is the units digit of (-862)/(-22) - g/(-165)*-6?
9
Let b(o) = -1256*o**2 - 4*o**3 - 1260*o**2 + 3*o**3 + 12 - 2*o - 8*o + 2507*o**2. Let j = 13 - 21. What is the units digit of b(j)?
8
What is the tens digit of (63/(-18))/((-84)/196848)?
0
Suppose -5*h - 20 = 5*m, 5 = 3*h - 3*m + 29. What is the hundreds digit of h + -4 + 8 + 689?
6
Let q = 105 + -103. Let g(t) = t**3 + 6*t**2 + 7*t + 10. Let l be g(9). Suppose q*h - l = -6*h. What is the hundreds digit of h?
1
Let k = -28837 + 41184. What is the ten thousands digit of k?
1
Let w(s) be the second derivative of -17/12*s**4 - 10*s - 1/20*s**5 + 0 - 1/2*s**2 - 1/2*s**3. What is the tens digit of w(-17)?
5
What is the hundreds digit of ((-714172)/228)/(2/(-6))?
3
Let v(z) = -z**3 + 28*z**2 - 35*z + 11. Let t = 75 - 64. What is the hundreds digit of v(t)?
6
Let z be (-18)/(-4)*((-40)/12 + 2). Let f(q) = -q**2 - 9*q - 15. Let i be f(z). What is the units digit of (((-8)/i)/(-4))/((-4)/(-708))?
8
Let k(a) = a**3 - 2*a**2 + 21*a - 11. Let n be (16/(-6) - -4)*6. What is the units digit of k(n)?
1
Let g be ((-2)/(-3))/(2/18). Suppose 0 = h - g + 4. Suppose -h*a = 5*b - 140, -3*a - 24 = -2*b + 13. What is the tens digit of b?
2
Suppose q = -4*q + 125. Suppose q*t - 468 = 29*t. Let b = -58 - t. What is the units digit of b?
9
Let y be (0 - 0)/(29 - 31). What is the tens digit of ((-354)/3 - y)*51/(-6)?
0
Suppose -8*y = -10*y + 58. Suppose -y*m = -34*m + 3085. What is the hundreds digit of m?
6
Suppose -c = 5*w - 28, -2*c + 4*w = 9*w - 41. Suppose c*q = -4 + 329. What is the tens digit of q?
2
Suppose 98*a + 685572 = 1015345 + 1232053. What is the thousands digit of a?
5
Let p be 3/4 + 255/60. Let g(k) = -k**2 + 5*k - 3. Let x be g(5). What is the hundreds digit of (60/(-18))/p + (-752)/x?
2
Let p be 340/60 - (-4)/(-6). Suppose -j = -26 - p. What is the tens digit of j?
3
Let n(x) = -x**2 + 21*x + 30. Let k be n(22). Let o(h) = 6*h + 19. Let u be o(k). What is the units digit of 42/(-21) + u + -1?
4
Let m = 159 - 166. Let i(t) = -t**3 - 7*t**2 - 11*t - 7. What is the tens digit of i(m)?
7
Let s(k) = -k**2 + 6*k + 30. Let j be s(9). Suppose -4*l + 1400 = 5*g, -j*g - 2*g - 5*l + 1405 = 0. What is the tens digit of g?
7
Let l be (16/32)/((-43)/22 - -2). Let t be l - 11 - (-1 + -1). Suppose y = -2*p + 170, -p - t*p + 5*y = -229. What is the units digit of p?
3
Let b be 36/12*(-83)/3. Let h be 8/1*(9 + 9). Let s = b + h. What is the tens digit of s?
6
Let f(x) = 36*x**3 + x**2 - x + 1. Let q be f(1). Let i = -35 + q. Suppose i*s + 279 = 5*a - 137, 3*a - s - 249 = 0. What is the tens digit of a?
8
Let k be (2/12 + -1)*-6. Let s(w) = 6*w - 42. Let a be s(7). Suppose k*p + 25 = a, -2*u = -4*p + 2*p - 208. What is the units digit of u?
9
Let o(n) = 70*n**2 + 283*n + 3599. What is the ten thousands digit of o(-13)?
1
Suppose 0 = -w - 3*w + 16, k = 2*w - 6. Suppose k*b + 0*b + 118 = 0. Let x = -43 - b. What is the tens digit of x?
1
Let a(k) = 293*k**2 + 5*k - 48. What is the units digit of a(6)?
0
Let d(q) = 20320*q**3 + 17*q**2 - 15*q - 2. What is the tens digit of d(1)?
2
Let c(j) = 6*j - 20. Let f(h) be the second derivative of 2*h**3 - 20*h**2 + h. Let p(i) = -5*c(i) + 2*f(i). What is the units digit of p(-9)?
4
Let q = -451 + 452. What is the hundreds digit of 36142/51*-6*q/(-4)?
0
Let b(i) be the first derivative of 7*i**2 + 1194*i - 292. What is the tens digit of b(0)?
9
Suppose 5*f = c + 308, 4*f + c = -3*c + 256. Suppose -f*v + 60 = j - 60*v, -3*v = 2*j - 119. What is the tens digit of j?
5
Suppose 2*w = -64*f + 67*f + 13087, 0 = 3*w - 5*f - 19634. What is the tens digit of w?
3
Let n(y) = y**3 - 4*y**2 + 4*y + 2. Let c be n(2). Suppose -3*h + 172 - 438 = -c*t, -397 = -3*t + 5*h. What is the hundreds digit of t?
1
Let r be -7 + 6 + -1 + 7. Suppose -r*g = -3*k + 1622, -11*k + 7*k = 3*g - 2153. What is the units digit of k?
9
Let a = 995 + -1430. Let y = 739 + a. What is the hundreds digit of y?
3
Let a be 21/(-4) + (-8)/(-192)*6. What is the tens digit of -7 - (1 - 1000) - a?
9
Let r(i) = i**3 - 11*i**2 - 12*i + 6. Let h be r(12). What is the tens digit of (h - (-13014)/78) + (-2)/(-13)?
7
Let f(a) = 1 - a - 3 - 3*a**3 + 12 - 3*a**2 - a**2. Let b(q) = -q**3 + 58*q**2 + 2*q - 119. Let h be b(58). What is the units digit of f(h)?
8
Let g = 8157 - 1905. What is the tens digit of g?
5
Let p(m) = -518*m - 877. What is the thousands digit of p(-41)?
0
Suppose 2*j - 5*j = 3*q, 0 = 4*q + 20. Suppose -175 = -3*u - 4*w, 3*u + j*w = 147 + 26. Let a = u + -38. What is the tens digit of a?
2
Let v(q) = -2*q**2 + 33*q + 10376. What is the units digit of v(0)?
6
Suppose 14*z - 18 = 10. Suppose 12 = -4*o, -o = z*l - 4*o - 1029. Suppose -l = 8*q - 13*q. What is the tens digit of q?
0
Let u(t) = 16*t + 396. Suppose 12*w + 2*w + w = 0. What is the units digit of u(w)?
6
Suppose -5*s - 13 + 2138 = 0. Suppose -4*w - s = -n, 3*n - 2*w + 830 = 5*n. What is the units digit of n?
7
Suppose 34099 = 4*c + 3*d, 206 = -4*d + 194. What is the units digit of c?
7
Let a(d) = d + 48. Suppose -2*t - 6*p = -5*p - 28, -p + 70 = 5*t. What is the tens digit of a(t)?
6
Let h(s) = 6*s**3 - 10*s**2 + 11*s + 118. What is the thousands digit of h(11)?
7
Suppose -5*i - 8 = -18. Suppose -m + 4 = 0, -i*k - 59 = -5*k - 5*m. What is the units digit of (k/2 - 0)/(5/50)?
5
Let q(k) be the first derivative of k**3 - k**2/2 + k - 56. Let b be (-155)/55 - 4/22. What is the units digit of q(b)?
1
Let r be (2 + -3)*(-3 + 716). Let x = -190 - r. What is the tens digit of x?
2
Let i = -40 + 42. Let a be -2*3/i + 8. Suppose -142 = -a*q + 68. What is the tens digit of q?
4
Let s = 23 - 23. Suppose -2*z + 24 - 6 = s. Let u = z + 31. What is the units digit of u?
0
Let p(h) = 8*h - 9. Suppose -d - 15 = -6*d. Suppose 2*w = d*w - 10. What is the tens digit of p(w)?
7
Suppose -4 = -4*v + 12. Suppose 3*a + 14*x - 9*x - 79 = 0, 0 = -4*x - v. What is the units digit of a?
8
Suppose 0 = -4*w + w - 3, 3*s + 5*w = 2